
Let n(h) = -h**3 - 27*h**2 - 206*h - 788. Calculate n(-18).
4
Let k(g) = -14*g**3 + 8*g**2 + 7*g + 1. What is k(-2)?
131
Let f(j) = -11*j + 260. Calculate f(25).
-15
Let u(s) = s**3 - 12*s**2 - 111*s + 44. What is u(18)?
-10
Let z(s) = 46*s + 389. Give z(-11).
-117
Let r(u) = -121*u + 173. Determine r(8).
-795
Let i(k) = k**3 + 4*k**2 - 166*k - 1099. Calculate i(-7).
-84
Let r(y) = 106*y**2 + 30*y + 20. Calculate r(-1).
96
Let x(g) = g**3 + 16*g**2 + 39*g - 12. Determine x(-6).
114
Let a(z) = z**3 + 227*z**2 + 12068*z - 163. What is a(-85)?
7
Let p(l) = 3*l**2 - l - 125. Give p(-6).
-11
Let u(y) = y**3 + 35*y**2 - 31*y + 186. Determine u(-36).
6
Let i(w) = -w**3 + 11*w**2 - 29*w + 54. Give i(9).
-45
Let f(s) = -192*s - 2875. What is f(-15)?
5
Let k(t) = -166*t - 1649. Determine k(-10).
11
Let t(o) = 22*o - 29. Calculate t(-13).
-315
Let m(q) = 2*q**3 + 4*q**2 - 7*q + 115. What is m(6)?
649
Let u(a) = 31*a**2 - 4*a - 4. What is u(-2)?
128
Let q(r) = -r**2 + 42*r - 244. Calculate q(40).
-164
Let m(r) = -24*r**3 + 116*r**2 + 113*r - 3. Calculate m(-1).
24
Let z(d) = -3*d**2 + 34*d - 35. Calculate z(1).
-4
Let m(f) = -3*f**3 - 237*f**2 - 8*f - 623. Give m(-79).
9
Let k(l) = -57*l**2 + 6*l - 6. Calculate k(3).
-501
Let d(z) = -2*z**2 + 39*z + 209. Give d(-5).
-36
Let o(i) = -8*i**2 - 361*i - 399. Calculate o(-44).
-3
Let b(y) = y**2 + 797*y + 4703. What is b(-6)?
-43
Let m(s) = 85*s - 136. Calculate m(2).
34
Let q(c) = -4*c**2 - 258*c - 1094. Determine q(-59).
204
Let p(o) = 98*o + 35. Give p(-2).
-161
Let m(r) = 34*r**2 - 726*r + 259. Give m(21).
7
Let b(y) = 2*y**2 - 75*y + 448. Give b(30).
-2
Let w(i) = -i**3 + 13*i**2 + 48*i - 97. Give w(15).
173
Let s(w) = 22*w**2 + 133*w - 14. Give s(-6).
-20
Let q(z) = -2*z**3 + 103*z**2 - 54*z + 156. Give q(51).
3
Let h(m) = -m**3 + 19*m**2 + 54*m + 262. Give h(22).
-2
Let r(w) = -w**3 + 16*w**2 + 33*w - 67. Give r(19).
-523
Let s(v) = -20*v + 216. Determine s(-6).
336
Let t(v) = -57*v**2 - 2*v - 1. What is t(-1)?
-56
Let k(j) = 16*j**2 - 73*j + 74. What is k(1)?
17
Let s(a) = 6*a**3 - 32*a**2 + 58*a - 241. Give s(5).
-1
Let f(u) = -6*u**2 - 13*u + 111. Determine f(4).
-37
Let z(g) = g**3 + 14*g**2 + 75*g + 806. Give z(-13).
0
Let c(q) = q**3 + 28*q**2 - 2*q - 87. What is c(-28)?
-31
Let i(z) = -5*z**2 - 5*z - 18. What is i(-6)?
-168
Let y(q) = -3*q - 47. Give y(-16).
1
Let h(d) = -d**3 + 16*d**2 - 33*d + 307. Give h(15).
37
Let y(h) = 5*h + 58. Determine y(12).
118
Let h(d) = -d**3 - 15*d**2 - 39*d - 104. Calculate h(-10).
-214
Let i(o) = 59*o**2 - 39*o + 72. Give i(2).
230
Let q(p) = -3*p**3 + 65*p**2 + 10*p + 191. Determine q(22).
-73
Let t(y) = -y**3 + 29*y**2 + 76*y - 436. Calculate t(31).
-2
Let y(q) = 222*q - 10499. Calculate y(47).
-65
Let o(d) = -30*d**2 - 98*d - 7. Calculate o(-3).
17
Let p(u) = -3*u**3 + 106*u**2 + 36*u - 2491. What is p(35)?
-6
Let f(s) = 13469*s - 40404. Determine f(3).
3
Let t(m) = m**3 - 19*m**2 + 128*m - 1596. Determine t(17).
2
Let n(j) = -5*j**2 - 152*j + 60. Give n(-30).
120
Let j(i) = -i**3 - 16*i**2 - 18*i + 7. What is j(-15)?
52
Let q(n) = -n**2 - 10471*n - 156841. Calculate q(-15).
-1
Let x(l) = -l**3 - 205*l**2 - 61*l - 12519. Calculate x(-205).
-14
Let k(g) = 10*g**2 - 1094*g + 458. Calculate k(109).
22
Let y(z) = 15*z**2 + 341*z - 463. Calculate y(-24).
-7
Let s(l) = 2*l**2 - 8*l - 588. What is s(-15)?
-18
Let k(o) = 1424*o - 9966. Calculate k(7).
2
Let h(i) = -2*i**2 - 899*i - 899. Give h(-1).
-2
Let k(i) = 3*i**3 + 5*i**2 + 11*i + 28. Calculate k(-3).
-41
Let p(n) = n**3 + 7*n**2 - 216*n + 35. Give p(11).
-163
Let w(h) = 391*h + 3907. Give w(-10).
-3
Let v(r) = -6064*r - 18201. Give v(-3).
-9
Let x(m) = m**3 - 5*m**2 + 192*m - 1191. Give x(6).
-3
Let o(w) = 6*w**2 + 14*w + 20. Give o(-3).
32
Let c(o) = o**3 + 37*o**2 - 308*o - 20. Calculate c(-44).
-20
Let w(l) = 110*l - 1230. Give w(11).
-20
Let i(j) = -2*j**2 - 2*j + 94. What is i(-9)?
-50
Let z(v) = 2*v**3 - 4*v**2 - 6*v - 8. Give z(-3).
-80
Let d(c) = 140*c - 680. What is d(5)?
20
Let u(m) = 48*m + 250. Determine u(-12).
-326
Let n(p) = -122*p + 7435. What is n(61)?
-7
Let b(n) = -1453*n - 47955. Give b(-33).
-6
Let g(p) = -5*p**2 + 7*p - 101. Give g(0).
-101
Let f(z) = z**2 - 12*z + 25. Give f(12).
25
Let f(i) = -5*i**3 - 8*i**2 + 13*i + 3. What is f(3)?
-165
Let t(p) = -p**2 + 35*p - 82. Determine t(3).
14
Let w(o) = -o**3 - 19*o**2 + 34*o - 98. Calculate w(-21).
70
Let i(x) = -x**3 - 144*x**2 - 3417*x + 90. Determine i(-30).
0
Let v(d) = 2*d**2 + 60*d + 377. What is v(-22)?
25
Let z(d) = 97*d**2 - 1750*d + 58. Determine z(18).
-14
Let v(a) = a**2 - 366*a + 6269. Calculate v(18).
5
Let m(v) = -32*v**2 - 193*v + 32. What is m(-6)?
38
Let x(l) = -65*l + 543. What is x(11)?
-172
Let s(a) = -89*a + 777. Calculate s(8).
65
Let i(f) = f**3 - 97*f**2 + 178*f + 1114. Give i(95).
-26
Let g(p) = -532*p - 9030. Give g(-17).
14
Let v(i) = -48*i + 3828. Determine v(80).
-12
Let v(a) = -3*a**3 - 775*a**2 + 1301*a + 249. Determine v(-260).
-11
Let v(z) = z**3 - 16*z**2 - 16*z - 74. Determine v(18).
286
Let b(j) = 2*j - 4. What is b(10)?
16
Let w(z) = -4*z**2 - 68*z + 71. Calculate w(1).
-1
Let p(j) = -j**2 + 54*j + 524. Give p(-9).
-43
Let z(m) = 2*m**3 - 9*m**2 - 45*m + 3. Determine z(-4).
-89
Let d(p) = 15*p - 145. Give d(-2).
-175
Let g(t) = -8*t + 52. Determine g(-8).
116
Let w(h) = -h**3 + 188*h**2 - 2271*h - 697. Determine w(175).
3
Let n(w) = w**3 + 4*w**2 + 79*w + 436. Calculate n(-5).
16
Let f(w) = -101*w**2 + 29*w + 1. Give f(2).
-345
Let l(z) = -z**2 - 25*z - 13. Give l(-22).
53
Let t(v) = v**3 + 13*v**2 + 29*v + 20. Give t(-12).
-184
Let z(n) = -8*n**2 - 12*n + 114. Determine z(-6).
-102
Let j(p) = 26*p + 2864. Determine j(-80).
784
Let l(u) = -u**3 - 27*u**2 - 83*u + 30. What is l(-4)?
-6
Let g(h) = -34*h**2 + 24*h + 57. Calculate g(-3).
-321
Let d(g) = -3*g**3 - 320*g**2 - 211*g + 109. Calculate d(-106).
3
Let f(w) = w**2 - 697*w + 5510. Determine f(8).
-2
Let q(b) = 2*b**2 + 20*b - 27. Calculate q(-11).
-5
Let j(p) = 372*p + 189. Calculate j(-1).
-183
Let z(i) = 850*i - 16976. What is z(20)?
24
Let t(h) = 297*h + 6382. Give t(-21).
145
Let j(a) = a**3 - 153*a**2 + 154*a - 323. What is j(152)?
-19
Let n(p) = -p**2 - 314*p + 14154. Calculate n(40).
-6
Let k(x) = -14*x**3 + 4*x**2 + 57*x + 56. Calculate k(-1).
17
Let m(o) = 2*o**2 - 58*o + 186. What is m(4)?
-14
Let a(j) = 18*j**2 + 287*j - 39. Determine a(-16).
-23
Let x(c) = -42*c - 1420. Determine x(-30).
-160
Let p(q) = q**2 + 342*q - 327. Give p(-343).
16
Let s(n) = n**3 + 91*n**2 + 182*n + 172. What is s(-89)?
-184
Let y(j) = -5*j**3 - 24*j - 24. What is y(-1)?
5
Let o(p) = 2*p**3 - 128*p**2 + 127*p - 60. Give o(63).
3
Let j(x) = x**2 - 29*x + 202. Determine j(15).
-8
Let n(t) = -t**3 + 7*t**2 - 4*t + 10. Give n(6).
22
Let h(j) = -2678*j - 85674. Determine h(-32).
22
Let j(o) = -2*o**3 + 91*o**2 + 56*o - 524. Calculate j(46).
-64
Let o(a) = -2550*a**2 + 30602*a - 21. What is o(12)?
3
Let v(q) = -5*q + 84. What is v(15)?
9
Let h(l) = -l**3 + 99*l**2 - 388*l + 34. Calculate h(4).
2
Let x(i) = -1311*i + 5242. Give x(4).
-2
Let n(k) = k**2 - 22*k + 8. Give n(4).
-64
Let s(h) = -28*h + 658. Give s(24).
-14
Let i(u) = 635*u - 37457. Determine i(59).
8
Let z(g) = -9*g**2 + 8*g - 17. Determine z(0).
-17
Let h(p) = 4*p**3 - 15*p**2 + 5*p - 9. Determine h(3).
-21
Let n(q) = q**2 + 95*q - 1668. Determine n(15).
-18
Let o(k) = 2825*k - 22616. Calculate o(8).
-16
Let s(o) = o**3 + 9*o**2 - 89*o - 732. Determine s(-11).
5
Let w(p) = 270*p + 2178. Determine w(-9).
-252
Let d(q) = -25*q + 178. Calculate d(8).
-22
Let h(s) = s**2 - 177*s + 840. Determine h(5).
-20
Let r(g) = -2450*g - 14713. Calculate r(-6).
-13
Let i(h) = 6*h**2 - 806*h - 2427. Give i(-3).
45
Let p(c) = 2*c**3 - 267*c**2 - 406*c + 142. Determine p(135).
7
Let x(p) = -160*p - 1104. Determine x(-9).
336
Let l(r) = -r**3 - 14*r**2 + 9*r - 38. Determine l(-16).
330
Let u(o) = -o**3 - 4*o + 32. Give u(0).
32
Let c(u) = 202*u - 6257. What is c(31)?
5
Let c(i) = 2*i**2 - 20*i + 36. Calculate c(16).
228
Let t(v) = -4*v**3 - 10*v**2 + 73*v + 14. Determine t(-5).
-101
Let u(o) = o**2 + 27*o - 150. Give u(-30).
-60
Let h(b) = -b**3 - 7*b**2 + 10*b - 6. Give h(-9).
66
Let w(p) = 3243*p - 32431. Determine w(10